 - 2*t = 90. What are the prime factors of -60*(t/20 - 3)?
3, 5
Suppose -761*j + 762*j = 3642. List the prime factors of j.
2, 3, 607
Let k = 1069 + -703. What are the prime factors of k?
2, 3, 61
Let p = -89 - -332. List the prime factors of p.
3
Let v(q) = -q - 9. Let s be v(-11). Suppose s*y + 1043 = 3*u + 2*u, -3*y = -2*u + 426. List the prime factors of u.
3, 23
Let o(p) = p**3 + 7*p**2 - 9*p - 6. Let v be o(-8). Suppose v*a = 14 - 2. Suppose 2*q - a*q = -148. What are the prime factors of q?
37
Suppose 5*n + 4467 = 3*f + 6*n, -5*f - 3*n + 7441 = 0. What are the prime factors of f?
2, 5, 149
Let l = 201 + -327. What are the prime factors of -2 - (l/5)/((-1)/(-5))?
2, 31
Let j be -2 + (-1 - 2) - 3. Let k be 8/(12/j + 1). What are the prime factors of k/(-3)*18/8?
2, 3
Let b(g) = 1 - 19 + 4 - 2*g - 8*g. Let j be b(-10). Suppose 3*q + j = 254. List the prime factors of q.
2, 7
Let v(h) = 386*h + 113. What are the prime factors of v(4)?
1657
Let h(x) = -x**3 + 9*x**2 + 8*x - 4. Let z be h(10). Let w = z - -39. What are the prime factors of 2/(-5) + 276/w?
2, 3
Let y = -137 - -813. What are the prime factors of y?
2, 13
Suppose 0*z - 12 = -3*z. Suppose -u + 17 = 2*k, z*u - 3*k - 2*k - 42 = 0. Suppose u - 1 = 3*g. List the prime factors of g.
2
Let n(w) = 3*w**2 - 23*w + 307. List the prime factors of n(18).
5, 173
Let j = -216 + -1. Let x = j + 378. What are the prime factors of x?
7, 23
Let v be 2*7*(-8)/140*-5. Suppose 0 = -2*j + v*k + 268, -j = k + 4*k - 148. What are the prime factors of j?
2, 3, 23
Suppose 10 = 8*v - 3*v. Let y(s) = 1 + 4*s - 7 + v. List the prime factors of y(6).
2, 5
Let u(q) = 3*q**3 - 17*q**2 + 6*q - 25. List the prime factors of u(7).
3, 71
Suppose 5009 = 12*o - 2743. List the prime factors of o.
2, 17, 19
Suppose -3*j = -0*c - 4*c + 97, 23 = c - 2*j. Suppose -c*t - 932 = -29*t. List the prime factors of t.
233
Let r(h) = h**3 - 5*h**2 + 3. Let n be r(5). Suppose g = -n*g + 168. What are the prime factors of g?
2, 3, 7
Suppose 0 = 3*r - 5*r + 146. Suppose 4*s + 23 = u, 4*u + s - r = -2*s. Suppose 6*z - 2*z - 3*l - u = 0, -l - 4 = -z. List the prime factors of z.
7
Suppose 3*z + 12 = 27. Suppose 3*b + t - 123 = 0, -139 - 67 = -z*b - 2*t. What are the prime factors of b?
2, 5
Let w be (5 - (-106)/(-8))/(3/(-16)). List the prime factors of 8/w + (-1646)/(-22).
3, 5
Let p(n) = 2*n. Let z be p(0). Let c(g) = 3 + 3 + 10*g + z - g**2. What are the prime factors of c(7)?
3
Suppose -3*w + 2*y = 0, 4*w - w - 9 = -y. Suppose -k - w - 2 = 0, u - 4*k - 100 = 0. List the prime factors of u.
2, 3, 7
Let a(z) = -6*z**3 - z**3 + z**2 - 8*z**3. Suppose 0 = 3*b - 3*r - 3, 3*b + 22 = -5*r + 9. List the prime factors of a(b).
2
Let z(m) = -m - 29. Let t be z(-25). List the prime factors of 1 - (-250 + (-2 - t)).
3, 83
Suppose -2*a + 5*f + 2068 = 0, -4*f + 297 = 3*a - 2782. List the prime factors of a.
3, 7
Let v = 42 - 37. Suppose f = -3*f + 3*k + 498, -2*k = v*f - 634. List the prime factors of f.
2, 3, 7
Let u(i) = -i + 5. Let j be u(8). Let w be (-6 + 9)*(-2)/j. Suppose o - 9 = w*a - 3*a, -5*a = o - 49. What are the prime factors of a?
2, 5
Suppose -2 = k - 4. Suppose 0 = q + 4*z - 19, 2*q + 4*z = k*z + 38. Suppose -2*d = v - q, 0 = -3*d + 3*v + v + 56. List the prime factors of d.
2, 3
Let h = -5 + -2. Let s be (21/(-6) - -3)*-20. Let l = s + h. What are the prime factors of l?
3
Let w(t) = t**3 + 6*t - 3*t**2 - 5*t**2 + 10 + 0*t**2. Let f be w(7). Suppose 7*m - 100 = f*m. What are the prime factors of m?
5
Suppose 127*p = 131*p + 16, -5129 = -5*r - 4*p. List the prime factors of r.
3, 7
Suppose 3*o + 10*b - 5*b - 1160 = 0, 0 = 5*b + 10. Suppose 4*u + 393 = 4*r + 1, -2*u - o = -4*r. List the prime factors of r.
97
Suppose 8*n - 13 = 3. Suppose 5*r - 2*r - 255 = -3*k, 200 = n*r - 4*k. List the prime factors of r.
2, 3, 5
Let z be (0 - 1)/(1/(-4)). Suppose z*w + 0*w = 1336. List the prime factors of w/7 - 16/(-56).
2, 3
List the prime factors of 54528/42 - (-4)/(-14).
2, 11, 59
Let b = 10814 + -7346. List the prime factors of b.
2, 3, 17
Suppose -4*d + 12 = 5*t, -4*d = 2*t - 7*t - 12. List the prime factors of (t - -79) + (-4 - -4)/3.
79
Let w(t) = -13*t + 15. Let x be w(-15). Suppose x = 5*q - 0*q. Suppose -5*j = -2*r + 84, r = 2*r + 2*j - q. List the prime factors of r.
2, 3, 7
Suppose 0 = -6*q + 5*q + 8. Let b = q + -8. Suppose b = 4*g - 11 - 9. What are the prime factors of g?
5
Let s(l) = -18 + 0*l**3 + l**3 - 15*l + 9*l**2 + 9*l - 5*l. List the prime factors of s(-9).
3
List the prime factors of 16/12*38157/28.
23, 79
Let b(w) = w**2 + 11*w + 33. List the prime factors of b(-13).
59
Let u be (-14)/2*(0 - -1). Let b(k) = -k**2 - 11*k - 12. List the prime factors of b(u).
2
Let h(p) = 408*p + 15. What are the prime factors of h(3)?
3, 7, 59
Let b be (1 + -129)/(1/(-2)). Suppose 2*k - 228 = b. What are the prime factors of (-2)/8 + k/8?
2, 3, 5
Let y(i) = -1 - 14*i + 25 + i**2 - 2*i**2 - 3. Let j be y(-15). List the prime factors of ((-3)/j)/(2/(-192)).
2, 3
Suppose 4*a = 16, 2*a = -5*u - 0*u + 8. Suppose -v = 5*s - 46 - 71, 2*s = -v + 45. What are the prime factors of u - (3 - (2 + s))?
23
Let u = 855 - -110. What are the prime factors of u?
5, 193
Suppose -4*h + 1523 = -3*r - 526, -2*r = -2*h + 1022. List the prime factors of h.
2, 3, 43
Let j = -27 - -128. Let d = j - -79. What are the prime factors of d?
2, 3, 5
Let h(f) = f**3 - 2*f**2 - 6*f + 5. Let l be h(4). Suppose -17 - l = -3*v. Suppose 46 - v = 4*x. What are the prime factors of x?
3
Let s(p) = -2*p + 6. Let j be s(5). List the prime factors of (j/(-6))/((-30)/(-405)).
3
Let h = -310 - -465. List the prime factors of h.
5, 31
Let t = -76 + 94. What are the prime factors of t?
2, 3
Let v(i) = -i**3 - 4*i**2 - i + 11. Let b be v(-5). Suppose -b - 49 = -m. What are the prime factors of m?
2, 3, 5
Suppose 0 = -20*l + 15*l + 570. Suppose -3*v + 6*v - l = 0. List the prime factors of v.
2, 19
Let b = 251 - 210. What are the prime factors of b?
41
Let k = -206 + 183. Let f = -3 + -5. Let b = f - k. List the prime factors of b.
3, 5
Let h(k) = k + 32. Suppose -7*n = -11*n - 52. List the prime factors of h(n).
19
Let j be (6 - 1)*261/(-15). Let u = j + 145. What are the prime factors of u?
2, 29
Suppose 3094 = 14*u - 11088. What are the prime factors of u?
1013
Suppose 3*p + 332 = -31. Let o = p - -208. What are the prime factors of o?
3, 29
Let x(j) = -1 + 10*j**2 + 13*j - 4 + 4*j**2 - 8*j**2. List the prime factors of x(6).
17
Let l(c) = -14 - 2*c**3 - 8*c**2 + 3*c**3 + 13 - 7*c. List the prime factors of l(10).
3, 43
Let u(y) = 2*y**2 + 3. Let m = 20 - 32. Let l = 8 + m. List the prime factors of u(l).
5, 7
Suppose -16*l + 7144 = -8*l. What are the prime factors of l?
19, 47
Suppose -2*d + 1472 - 4428 = -4*g, 2*g - 1466 = 4*d. List the prime factors of g.
3, 13, 19
Suppose 5*y = 7*y. Suppose y = -7*g + 162 + 531. Let q = g + -45. What are the prime factors of q?
2, 3
Let u = 414 + -281. Let n = 23 + u. Suppose n = 4*o - 5*y, 2*o - 2*y + 6*y = 52. What are the prime factors of o?
2, 17
Let i(k) = -76*k**3 - 11*k**2 - 37*k - 1. List the prime factors of i(-3).
2063
Suppose 0 = -2*r - 3*r + 2*q + 4, -3*q = -9. Suppose 5*d - 7*v - 55 = -r*v, -4*v = 2*d - 4. Suppose -u + d + 5 = 0. What are the prime factors of u?
13
Suppose 0 = 9*n + 1884 - 5430. What are the prime factors of n?
2, 197
Suppose -4*c + 5*m = -792, -3*m + 153 = -4*c + 953. List the prime factors of c.
7, 29
Suppose 172 = 4*h - 96. What are the prime factors of h?
67
Let t = 3051 + -2175. What are the prime factors of t?
2, 3, 73
Let a = -1598 - -4651. List the prime factors of a.
43, 71
Let v(k) = -k - 5. Let y be v(-5). Suppose y*b = b - 22. Suppose -n = -b + 6. List the prime factors of n.
2
Let z(p) = 24*p**2 + 2*p. Suppose 3*b - 4 - 2 = 0. What are the prime factors of z(b)?
2, 5
Let b = 2 + -5. Let u = 1 - b. Suppose -43 = -u*n - 5*k, 4*k - 24 = -3*n + 9. List the prime factors of n.
7
Suppose -5*j = 4*h - 5285, -14*j + 1076 = -13*j - 3*h. List the prime factors of j.
1061
Let w be 58 - ((0 - 4) + 1). Suppose w + 19 = 4*r + 4*y, -y = 5*r - 96. List the prime factors of r.
19
Let r = 31 - 28. Suppose -6*k = -3*k - r*o - 354, 3*o = -2*k + 216. What are the prime factors of k?
2, 3, 19
List the prime factors o